8. What is the units digit of (-1)/s - ((-5872)/7 + 11)?
8
Suppose -29 = -7*q - 15. Suppose -3*g - 3*r + 567 = 0, -q*r = 4*g - 351 - 407. What is the units digit of g?
0
Let w = 306 + -38. Suppose -s - 2*s = -5*l - w, 10 = -2*l. What is the tens digit of s?
8
Suppose -157 = -3*a + 158. Let m = a + -108. What is the tens digit of (130 + (-6 - m))*(-2 - -3)?
2
Let p(a) = 921*a**2 + 187*a + 11. What is the thousands digit of p(3)?
8
Let y(o) = 975*o - 1053. What is the thousands digit of y(10)?
8
Suppose -1472 = 9*u - u. Let o = u + 328. Suppose o - 484 = -5*g. What is the tens digit of g?
6
Let d(h) = -h**2 - 12*h - 30. Let i be d(-9). Let x(l) = l**2 + 3*l + 2. Let b be x(i). What is the units digit of 3/(b/(-7) + 676/2072)?
4
Let h(u) = 69*u**2 - 36*u - 221. What is the thousands digit of h(-8)?
4
Let p = 12387 + -5356. What is the units digit of p?
1
Suppose 0 = -u + 11824 + 15565. What is the hundreds digit of u?
3
Let q be (-336)/18*(-6)/4. What is the units digit of 291 - (q/6 + 22/(-33))?
7
What is the thousands digit of (135/(-36))/(15/(-14860))?
3
Let c(b) = 880*b + 502. What is the hundreds digit of c(12)?
0
Suppose -2*y + 2123 = 5*k - 0*k, -3*k = 3*y - 3189. What is the thousands digit of y?
1
Let c = -12 - -15. Suppose 3*s - 2 = c*d - 35, 1 = s + 3*d. What is the units digit of (65/(-4) - 5)/(2/s)?
5
Let g(a) = 22*a - 17 + 24 - 19*a - 2*a**2 - 6*a**3. What is the tens digit of g(-4)?
4
Let n(u) = -47*u - 149. Let i be (-492)/30 - (1 - (-6)/(-15)). What is the units digit of n(i)?
0
Let k be 7905/60 - 2/(-8). Suppose 8*x = 4*x + k. Let i = 61 + x. What is the tens digit of i?
9
Let g(o) = -3 - 2 + 22*o**3 + 3 + 4*o - 53*o**3 + 4*o**2. Suppose 3*n - 7*n - 2 = 2*x, 4*x = 12. What is the tens digit of g(n)?
5
Let t = -6 + -24. Let y be (-686)/(-3) + 20/t. Suppose 3*u - y = -3*u. What is the units digit of u?
8
What is the ten thousands digit of (-222)/296*8/2 + 36397?
3
Let h(f) = -2714*f + 297. What is the hundreds digit of h(-6)?
5
What is the tens digit of 1 - -14390 - ((-243)/45 - 3/5)?
9
Let b(q) = q**2 + 0*q**2 - 57 + 67*q - 177*q + 81*q + 299. What is the tens digit of b(18)?
4
Let a be 12/(-8)*-6*16/12. Suppose 0*o = a*o - 11208. What is the hundreds digit of o?
9
Let g(x) = 1517*x**2 + 336*x - 12. What is the hundreds digit of g(3)?
6
Let c = 113 - 113. What is the thousands digit of c/4 - (0 + -1391)?
1
Let d = -32904 - -65882. What is the units digit of d?
8
What is the hundreds digit of -2195*((-892330)/26350 + 2/31)?
1
Let l(s) = -s**3 - 4*s**2 - 4*s - 1. Let a be l(-3). Let f be 3/(a + 1) - -2. Suppose 0 = 3*m - 5*w - 39, -f*m + 0*m - 5*w = -69. What is the tens digit of m?
1
Let d = 40 - 36. What is the hundreds digit of 30/d*116/6?
1
Suppose 5*x + 3 = c, -x + 0*x + 1 = 0. Suppose -5*o = -f - 311, -c + 3 = 5*f. Suppose 4*z + 3*r - 91 = 0, 3*z - r - o = -2*r. What is the units digit of z?
9
Let c = -50 + 53. Suppose 0 = -c*n + 507 - 69. What is the hundreds digit of n?
1
Let n(b) = 33*b**2 - 14*b**2 + 3*b + 5*b - 2*b**2 - b**3 + 13 - 8*b**2. What is the tens digit of n(8)?
4
Suppose 29*o - 90632 = 82672. What is the units digit of o?
6
Suppose -32*l + 1890 = -2014. What is the tens digit of l?
2
Suppose 320 - 1120 = -4*y + 4*f, f = -2*y + 412. Suppose -8*q = 4*q - y. What is the units digit of q?
7
Let j = 3559 + 67244. What is the ten thousands digit of j?
7
Let n be (-10)/(-8) - 43629/(-12). Suppose 25*p = n + 3513. What is the tens digit of p?
8
Suppose -171*h + 7765963 = 1251034. What is the hundreds digit of h?
0
Let t(f) = f**2 - 70 + 22*f - 29 - 33*f. What is the tens digit of t(-12)?
7
Let u(g) = 11*g**2 + 79*g - 553. What is the hundreds digit of u(35)?
6
Let k be -44 - (1 + (-3)/(-3)). Let g = 46 + k. What is the units digit of 4 - (-149 + g + 1)?
2
Let m(n) = -n**3 + 4*n**2 - 9*n + 13. Let p be m(2). Suppose 2*u = -4*b + 4*u + 18, -u - p = 0. Suppose -4*f + 448 = b*f. What is the units digit of f?
4
Let i(y) = 570*y**2 - 3*y - 2. Let b be i(-1). Suppose q = -4*z + 571, q = -0*q + 4*z + b. Suppose -17*o = -q - 1112. What is the units digit of o?
9
What is the thousands digit of (-7 - (-7 - 12747 - 1)) + 5?
2
Let t = 74 + -34. Let j = 109 - t. What is the units digit of (j/15 - 3)/(3/255)?
6
Let x = -10538 - -18381. What is the tens digit of x?
4
Suppose 7*n - s + 152 = 4*n, -n - 5*s - 24 = 0. What is the tens digit of (5 - n/(-5))/(5/(-325))?
1
Suppose 548 = -10*y + 14*y. Let u = y + -135. Let a = u + 71. What is the tens digit of a?
7
Let w(g) = -g + 54. Let j be w(-18). Suppose 3*x - 99 = -4*z + 147, 2*z + j = x. Let k = -5 + x. What is the units digit of k?
3
Let y(p) = p**2 - 16*p - 15. Let w be y(17). Suppose -3*o + 2*v + 382 = -o, -w*o + 381 = -v. What is the hundreds digit of o?
1
Let c = -172 + 178. What is the hundreds digit of 216/162 - (-4288)/c?
7
Let f(j) = 2*j**2 - 8*j + 8. Let r be f(2). Suppose -17*l + 75 + 5552 = r. What is the hundreds digit of l?
3
Let y = 16059 - 10142. What is the units digit of y?
7
Suppose 31*t - 103013 = 312911 + 60639. What is the hundreds digit of t?
3
Let g = 7294 - -1374. What is the hundreds digit of g?
6
Let x(u) = -154*u + 5586. Let m be x(36). Suppose 0*p = -4*p + 56. What is the hundreds digit of 2916/p + (-6 - (-240)/m)?
2
Let z(x) = -x**3 - 22*x**2 + 22*x + 15. Let s be z(-23). What is the tens digit of (1884/3)/(19/s)?
5
Suppose 4*u = -3*c + 24214, -549*u + 32298 = 4*c - 550*u. What is the thousands digit of c?
8
Suppose 16*x = 11*x + 3110. Let w = -186 + x. What is the tens digit of w?
3
Suppose 2*v - 8376 = -0*v. Let z be 22/18 - 1 - v/(-108). Let d = z - -13. What is the tens digit of d?
5
Let z = 3168 - -204. What is the units digit of z?
2
Suppose 4*a = 4*z - 64508, -6*a = -4*z - 4*a + 64514. What is the hundreds digit of z?
1
Suppose -3*g + 8 + 6 = v, -v = g - 6. Let l(n) = 29*n**2 + 10*n - 57. What is the hundreds digit of l(g)?
4
Let o = -5 + -4. Let x be o/(-3 + 0/(-2)). Suppose x*w - 13 = 2*w. What is the tens digit of w?
1
Let x be (-2)/3*(7 + -10). Suppose -4*y + 26 = -18. Let g = y + x. What is the tens digit of g?
1
Let l(d) = -d**2 + 67*d - 199. What is the tens digit of l(41)?
6
Suppose -5*f + 4 = 44. What is the hundreds digit of 1*-1 - 2270/(40/f)?
4
What is the units digit of -2401*(-14 - (-1140)/84)?
9
Let n be -28 - -26 - 1654*1. Let y = -658 - n. What is the units digit of y?
8
Let z(p) = -16*p + 353. Let j be z(22). Let h be 17/(2*(-2)/(-8)). What is the units digit of (25/j)/(17/h)?
0
Let b(d) = -d**2 + 16*d - 13. Let u be b(15). Suppose -w = -u*c + 67, -20 = -c - 4*w - 0*w. Let r = 80 - c. What is the units digit of r?
8
Suppose -2*z + z = -2*f - 83, 74 = -2*f - 2*z. What is the units digit of (-2581)/(-8) - (6 + 255/f)?
3
Suppose 2*f + 2 = -4*t, 7*t - 4*t - 5*f = 5. Suppose 18*y + 462 - 13782 = t. What is the units digit of y?
0
Let w = -2938 - -15054. What is the ten thousands digit of w?
1
Let r(n) = -517*n + 693. What is the thousands digit of r(-5)?
3
Suppose -7*d + 16 = -12. Let o(c) be the second derivative of c**4/12 - c**3/3 - 3*c**2/2 + 4*c. What is the units digit of o(d)?
5
Suppose -2401504 = 1035*s - 1147*s. What is the thousands digit of s?
1
Let b be (-40)/260 + 32905/13. Suppose 3625 = 9*a - b. What is the units digit of a?
4
Suppose 3*w + 24 = 3*i, 2*i = -3*w + 2 - 31. What is the tens digit of 0/(w/((-18)/4)) - -846?
4
Let o be (-5)/((-30)/4) + 156/36. Suppose -1833 = -2*b + 5*g, -24*g + 4510 = o*b - 22*g. What is the units digit of b?
4
Let z(q) = -15*q**2 - 9*q - 4. Let l(b) = 16*b**2 + 9*b + 5. Let u(p) = -3*l(p) - 2*z(p). Let f be u(-3). Let k = 332 + f. What is the tens digit of k?
9
Let j(i) = -3*i**3 - 28*i**2 + 73*i + 98. What is the tens digit of j(-23)?
0
What is the thousands digit of ((-8796)/16)/(((-55)/11)/500)?
4
Let m = 15006 + -6246. What is the units digit of m/24 + 7/(-1)?
8
Let q = -2461 - -7388. What is the hundreds digit of q?
9
Let a = 42 + -61. What is the hundreds digit of 2 + -2 + (337 - a)?
3
Suppose 1184 = 8*a - 488. Let g = 301 + a. What is the units digit of g?
0
Suppose 8*n - 9*n + 4*q - 844 = 0, q - 838 = n. Let j = -235 - n. What is the tens digit of j?
0
Suppose 0 = 2*t - 4*h + 12, t = -3*t + 2*h. Suppose 4 = t*c - 6. Suppose -4*w = 3*o + 160 - 679, c*o + w = 848. What is the tens 